 3
Suppose -2*s - 3 + 9 = 0. Let a be (0 + -2 + s)*0. What are the prime factors of a - 1*-2*4?
2
Let t(x) = 2*x - 1. Suppose 0 = 5*l + 2*y + 145, -4*l = -2*l - y + 67. Let j = l + 35. List the prime factors of t(j).
7
Suppose 2*n - 95 = -y + 51, 2*y = -2*n + 288. List the prime factors of y.
2, 71
Suppose 8*k = 49*k - 117096. What are the prime factors of k?
2, 3, 7, 17
Let u = 35 + 65. List the prime factors of u.
2, 5
Suppose -5*p - s = 5, 0 = 3*s + 19 - 4. Suppose -3*g = -4*w - 1746, w - 4*w = p. What are the prime factors of g/54 - 2/(-9)?
11
Let k(o) = o**2 - 25*o + 72. Let m be k(20). Let q = -114 + 66. Let u = m - q. List the prime factors of u.
2, 5
Let o = -13 - -17. List the prime factors of (200/(-60))/(o/(-150)).
5
Let d = 336 - 279. What are the prime factors of d?
3, 19
Suppose -d = -4*c - 2958 + 833, -c = d - 2110. List the prime factors of d.
2113
Suppose -2*c - 2*c + 568 = 0. Let k = c + 46. Suppose -77 = -5*d + k. What are the prime factors of d?
53
Let a = 181 + 799. List the prime factors of a.
2, 5, 7
Suppose 3*z = -2*r + 68, 3*z + 3*r - 4*r - 83 = 0. Let a be (-32)/(-320) - 42/20. List the prime factors of a/(-4) - (-1339)/z.
2, 13
Let m = -432 - -1727. What are the prime factors of m?
5, 7, 37
Suppose -4*u - 17 - 3 = 0, -4*d + 4*u + 20 = 0. Let s = d - 8. What are the prime factors of (-12)/s*-2 + 33?
2, 3, 5
Let r(u) be the third derivative of u**5/30 - u**3/2 + 6*u**2. List the prime factors of r(-5).
47
Suppose -36*o + 15*o + 20664 = 0. List the prime factors of o.
2, 3, 41
Let z(d) = -19*d**3 + 8*d**2 + 11*d + 34. What are the prime factors of z(-5)?
2, 1277
Suppose 9*w - 52 = 5*w. Suppose -5*a + 51 = -144. Let u = a - w. List the prime factors of u.
2, 13
Let r = -403 + 641. Let p = 442 - r. List the prime factors of p.
2, 3, 17
Let v = 2108 + -421. List the prime factors of v.
7, 241
Suppose -4*d = -5*p + d + 290, 2*d = -5*p + 262. Suppose -y + v + 25 = 0, y + v - p + 23 = 0. List the prime factors of y.
2, 7
Let c = -1 + 6. Suppose -2*q + 11 = 3*j, 0 = -2*j + 3 - c. Suppose q*i = 6*i + 37. List the prime factors of i.
37
Let j = 356 + -179. What are the prime factors of j?
3, 59
Suppose -22*o = -18*o - 56. Suppose o = -2*r - 22. Let c = 68 + r. List the prime factors of c.
2, 5
Let p = 3142 - 1364. List the prime factors of p.
2, 7, 127
Suppose 231 + 35 = d. Let z = d - 157. What are the prime factors of z?
109
Let f = -42 + -18. Let r = f - -112. Suppose 0*w - r = -4*w. List the prime factors of w.
13
Suppose 28197 = -1546*x + 1559*x. What are the prime factors of x?
3, 241
Suppose -23*c = -28*c + 2320. List the prime factors of c.
2, 29
Let f = 34 + -48. Let a = -10 - f. Suppose 2*p + 14 = 2*h, 2*h + 27 = 3*h + a*p. What are the prime factors of h?
11
What are the prime factors of 2097984/735 - (-7)/(-5)?
3, 317
Let x be -4*1*8/(-16). Suppose -164 = -0*d - x*d + 4*t, 4*t + 336 = 4*d. What are the prime factors of d?
2, 43
Let o(r) = 3*r**2 + 0*r**3 + 3 - r**2 + 0 + 2*r**3. Let z be o(-2). Let t(h) = h**3 + 5*h**2 - 3*h - 7. What are the prime factors of t(z)?
2
List the prime factors of ((-3)/6)/((-2)/22)*14.
7, 11
Suppose 632 = -3*v + 7*v. What are the prime factors of 15/(-45) - v/(-6)?
2, 13
Let n(d) = -70*d - 362. List the prime factors of n(-7).
2
Let x(d) be the second derivative of -7/12*d**4 - 5*d**2 + d**3 + 5*d + 0 - 1/20*d**5. What are the prime factors of x(-8)?
2, 3
Let f(w) = 12*w**2 - 3*w + 2. Let p be f(2). List the prime factors of p*((-20)/(-4))/5.
2, 11
List the prime factors of (-5)/(-20) + -474*12/(-32).
2, 89
Let u be (44/(-8) + 1)/((-2)/(-4)). Let g(j) = j**3 + 10*j**2 + 8*j + 4. List the prime factors of g(u).
13
Let c be 17/(-1) - (-5 - (-3 - -1)). What are the prime factors of 175/c*2*-1?
5
Let w(t) = -t**2 - 7*t - 6. Let u be w(-5). Suppose 287 = 3*g - u*b, 4*g - g = 5*b + 283. List the prime factors of g.
101
Let u be ((-4)/(-6))/((-4)/(-12)). Suppose y - 174 = -u*y. What are the prime factors of y?
2, 29
Let i(j) = 57*j - 449. List the prime factors of i(54).
11, 239
Let s(g) be the third derivative of g**6/120 - g**5/10 + 2*g**3/3 - 107*g**2. Let t = -15 + 22. What are the prime factors of s(t)?
53
Let k(y) = 396*y + 12. Let i be k(-4). What are the prime factors of 2 + i/(-15) - 1/(-5)?
107
List the prime factors of -18*(-1 + 0)*(35 - 19).
2, 3
Suppose 14*h - 2449 - 3613 = 0. What are the prime factors of h?
433
Suppose -z + 499 - 69 = -n, 0 = 2*z - n - 856. List the prime factors of z.
2, 3, 71
Let y be (4/5)/((-1)/5). Let s(q) = -q + 5. Let z(g) = g - 10. Let k(m) = 5*s(m) + 3*z(m). List the prime factors of k(y).
3
Let g be 2*(0 - (-39)/(-2)). Let l = g - -27. What are the prime factors of (l - -1)*(-7 + 4)?
3, 11
Suppose 0 = -2*v - 3*l + 9293, 0*v + l - 18601 = -4*v. List the prime factors of v.
4651
Let q(s) = s**3 + 53*s**2 - 125*s + 126. What are the prime factors of q(-54)?
2, 3, 5, 11
Let l be (3/1)/(2 + -1). Suppose -5*x - 48 = 4*m - 290, 5*x - l*m = 221. What are the prime factors of x?
2, 23
Suppose -r + v = -0*v - 304, -5*v = -25. List the prime factors of r.
3, 103
Suppose 0 = -5*r + 51 - 1. Suppose -r*v + 50 = -15*v. Let o(c) = c**3 + 9*c**2 - 12*c + 9. What are the prime factors of o(v)?
29
Let j(o) = -2*o**2 - 17*o - 3. Let a be j(-8). Suppose -a*r - 473 + 168 = -2*s, 0 = -s - 5*r + 130. What are the prime factors of s?
5, 29
Let w(g) = -g + 15. Let i(a) = a**2 - a - 7. Let s be i(5). Let l be w(s). List the prime factors of ((-6)/(-12))/(l/80).
2, 5
Let g(a) = 4*a**2 - 5*a - 2. Suppose -5*r - 6 = -21. Suppose -f - r*f + 16 = 0. What are the prime factors of g(f)?
2, 3, 7
List the prime factors of ((-270)/8)/((-6 + 0)/24).
3, 5
Let g be (58/(-6))/(2/6). Let r = -710 + 751. Let k = r + g. List the prime factors of k.
2, 3
Suppose -73*a + 31*a + 29106 = 0. List the prime factors of a.
3, 7, 11
Suppose 5*w + 2 = -13. Let s be w + (-14)/(-4)*2. Suppose 19 = s*x - 4*d - 133, -3*d + 30 = x. What are the prime factors of x?
2, 3
What are the prime factors of (9*17)/(26 + -25)?
3, 17
Let q = 2 - -2. Let c = q + 22. Let p = 47 - c. What are the prime factors of p?
3, 7
Suppose -2*b + 0*b = 6, 3*o = -b + 936. What are the prime factors of o?
313
Suppose 11*j - 14204 - 2329 = 0. List the prime factors of j.
3, 167
Let o = 211 - -185. What are the prime factors of o?
2, 3, 11
Let m = -581 + 1033. List the prime factors of m.
2, 113
Suppose -18 = -4*d + 3*r, 14 = 2*d - 9*r + 5*r. List the prime factors of 443/d + (-3 - (-20)/6).
2, 37
Let k = -51 - -54. List the prime factors of (k + (-38)/14)*217.
2, 31
Let d(r) = -r**3 + 6*r**2 + 2*r - 5. Let j be d(6). Let x(y) = y + j + 9*y + 4 - 3. What are the prime factors of x(4)?
2, 3
Suppose 3*j = 0, -4*d + 3*j + 3271 - 1031 = 0. Suppose -6*g - d = -10*g. What are the prime factors of g?
2, 5, 7
Let o(f) = 76*f**3 - 3*f**2 + 4. List the prime factors of o(2).
2, 3, 5
Suppose m - m = 6*m. Suppose m*s = s, 5*g - 390 = -s. List the prime factors of g.
2, 3, 13
List the prime factors of 1527*(-6)/(-18) - 4.
5, 101
Let n = -1428 - -2768. List the prime factors of n.
2, 5, 67
Let n = 1411 - 627. List the prime factors of n.
2, 7
Suppose -b - 1 = 9. Let c = b + 29. What are the prime factors of c?
19
Suppose -10*s + 270 = -4*s. Suppose -j = -70 - s. List the prime factors of j.
5, 23
Let m(z) = -z**3 - z**2 + 24. Let u be m(0). Suppose -7*y - u = -8*y - 5*q, 0 = 2*y + 4*q - 18. What are the prime factors of (0 + -3 + -1)*y?
2
Let j = 3 - 1. Let x be 57/3 - 65/(-13). Suppose 2*l - j = x. List the prime factors of l.
13
Let s be (-2)/(-13) + 41/(-13). Let c(a) = -21*a - 3. Let r be c(s). Suppose r = -49*u + 54*u. List the prime factors of u.
2, 3
Suppose -13 = -3*b - 1. Suppose -55 = -5*v - 0*n + 2*n, 3*v = 3*n + 24. Let r = v - b. List the prime factors of r.
3
Suppose -155 = 5*d - 560. List the prime factors of d.
3
Let y(t) be the first derivative of -t**4/2 - 10*t**3/3 - 12*t**2 - 5*t + 32. What are the prime factors of y(-6)?
211
Suppose -4*p + 29 + 303 = 0. Let m = -41 + p. List the prime factors of m.
2, 3, 7
List the prime factors of (-378075)/(-142) - 2/4.
2, 11
Suppose 243*h + 21192 = 251*h. List the prime factors of h.
3, 883
Suppose -79 = -2*l + 39. Suppose 0 = -3*i + 2*i + l. List the prime factors of i.
59
Let q = -93 - -95